{"id":24,"date":"2023-07-20T15:53:01","date_gmt":"2023-07-20T15:53:01","guid":{"rendered":"https:\/\/agricolagranero.com\/?page_id=24"},"modified":"2024-07-04T14:44:25","modified_gmt":"2024-07-04T14:44:25","slug":"accesibilidad","status":"publish","type":"page","link":"https:\/\/agricolagranero.com\/en\/accessibility\/","title":{"rendered":"Accessibility statement"},"content":{"rendered":"<p>[et_pb_section fb_built=\"1\u2033 _builder_version=\"4.21.0\u2033 _module_preset=\"default\" global_colors_info=\"{}\"][et_pb_row _builder_version=\"4.21.0\u2033 _module_preset=\"default\" global_colors_info=\"{}\"][et_pb_column type=\"4_4\u2033 _builder_version=\"4.21.0\u2033 _module_preset=\"default\" global_colors_info=\"{}\"][et_pb_text _builder_version=\"4.21.0\u2033 _module_preset=\"default\" text_text_color=\"#000000\u2033 header_font=\"Lato|700|||||||\" header_font_size=\"26px\" header_2_font=\"Lato|700|||||||\" global_colors_info=\"{}\"]]<\/p>\n<h1><strong>Accessibility statement<\/strong><\/h1>\n<p><strong><\/strong><\/p>\n<p><strong>Agricola Granero S.L.<\/strong> is committed to making its website accessible, in accordance with the\u00a0<a href=\"https:\/\/www.boe.es\/buscar\/act.php?id=BOE-A-2018-12699\">Royal Decree 1112\/2018, of September 7, on accessibility of public sector websites and applications for mobile devices.<\/a>.<\/p>\n<p><strong>This accessibility statement applies to the agricolagranero.com website.<\/strong><\/p>\n<p><strong>\u00a0<\/strong><\/p>\n<p><strong>Compliance status<\/strong><\/p>\n<p>This website is\u00a0<strong>partially<\/strong><strong> according to<\/strong> with RD 1112\/2018 of September 7, due to the exceptions and non-conformity of the aspects listed below.<\/p>\n<p><strong>Content not accessible<\/strong><\/p>\n<p>The content below is not accessible because of the following:<\/p>\n<ol>\n<li>Failure to comply with RD 1112\/2018:\n<ul>\n<li>There may be occasional editing errors on some web pages.<\/li>\n<\/ul>\n<\/li>\n<li>Disproportionate burden:\n<ul>\n<li>Not applicable.<\/li>\n<\/ul>\n<\/li>\n<li>The content does not fall within the scope of applicable law:\n<ul>\n<li>Online mapping and cartography services.<\/li>\n<li>Third-party content not developed by <strong>Agricola Granero S.L.<\/strong><\/li>\n<\/ul>\n<\/li>\n<\/ol>\n<p><strong>Preparation of this accessibility statement<\/strong><\/p>\n<p>This statement was prepared on <strong>July 26, 2023.<\/strong><\/p>\n<p>The method used to prepare the statement was a self-assessment carried out by the organization itself.<\/p>\n<p>Last revision of the declaration: <strong>July 26, 2023.<\/strong><\/p>\n<p><strong>Remarks and contact information<\/strong><\/p>\n<p>You can perform\u00a0<strong>communications<\/strong>\u00a0on accessibility requirements (Article 10.2.a) of RD 1112\/2018), such as, for example:<\/p>\n<ul>\n<li>to report any possible\u00a0<strong>non-compliance<\/strong>by this website.<\/li>\n<li>transmit other\u00a0<strong>access problems<\/strong>to the content.<\/li>\n<li>formulate any other\u00a0<strong>consultation or suggestion for improvement<\/strong>relating to the accessibility of the website.<\/li>\n<\/ul>\n<p><strong><\/strong><\/p>\n<p>You can submit:<\/p>\n<ul>\n<li>A complaint regarding compliance with the requirements of RD 1112\/2018 or.<\/li>\n<li>A request for accessible information relating to:- content that is excluded from the scope of application of RD 1112\/2018 as established by Article 3, paragraph 4.<\/li>\n<\/ul>\n<p>- content that is exempt from accessibility requirements because it imposes a disproportionate burden.<\/p>\n<p>&nbsp;<\/p>\n<p>The Request for Accessible Information must clearly state the facts, reasons and request to show that the request is reasonable and legitimate.<\/p>\n<p>&nbsp;<\/p>\n<p>Through the following e-mail account oficina@agricolagranero.com or the contact form available at <a href=\"https:\/\/agricolagranero.com\/en\/contact\/\">https:\/\/agricolagranero.com\/contacto<\/a><\/p>\n<p>&nbsp;<\/p>\n<p>Communications, complaints and requests for accessible information will be received and processed by <strong>Agricola Granero S.L.<\/strong><\/p>\n<p>The communications will be treated and received by Visi\u00f3n y Proyectos 2008 S.L.<\/p>\n<p><strong>Application procedure<\/strong><\/p>\n<p>The complaint procedure set out in Article 13 of RD 1112\/2018 will enter into force on September 20, 2020.<\/p>\n<p><em>\u00a0<\/em><\/p>\n<p><em>\u00a0<\/em><strong>Optional content<\/strong><\/p>\n<p>&nbsp;<\/p>\n<p>This website:<\/p>\n<ul>\n<li>has been designed in accordance with current standards and regulations regarding accessibility, complying with the priority 2 (AA) checkpoints defined in the Web Content Accessibility Guidelines (WCAG 2.1) specification.<\/li>\n<li>complies with the requirements of Standard UNE-EN 301549:2019, considering the exceptions of Royal Decree 1112\/2018.<\/li>\n<li>is designed for proper display on desktop, tablet and mobile devices for a minimum resolution of 1280\u00d71024<\/li>\n<li>has been realized using HTML5 as markup language and CSS 3 style sheets for its design.<\/li>\n<li>is designed for use with non-intrusive javascript offering, in case your browser does not support it, a corresponding non-javascript alternative.<\/li>\n<\/ul>\n<h3>Text size<\/h3>\n<p>Fonts with relative sizes have been used so that if the user prefers a larger font he can select it through the text size options in his browser, generally\u00a0<em><strong>Ctrl+<\/strong><\/em>\u00a0(control more) to enlarge,\u00a0<em><strong>Ctrl-<\/strong><\/em>\u00a0(control minus) to reduce.<\/p>\n<h3>Page structure<\/h3>\n<p>This portal is designed with a common format for all the pages so that the familiarization with the content of the same is simple to achieve better navigation for people who need to\u00a0<em>Technical aids<\/em>.<\/p>\n<p>The pages are composed, roughly speaking, of the following areas:<\/p>\n<ul>\n<li><em><strong>Header<\/strong><\/em>with navigation menu and contact information.<\/li>\n<li><em><strong>Main navigation menu<\/strong><\/em>with the main pages of the website.<\/li>\n<li><em><strong>Central content area<\/strong><\/em>which will vary depending on the page selected in the menu.<\/li>\n<li><em><strong>Foot<\/strong><\/em>which includes contact details, all website links and social networks<\/li>\n<\/ul>\n<p>[\/et_pb_text][\/et_pb_column][\/et_pb_row][\/et_pb_section]<\/p>","protected":false},"excerpt":{"rendered":"<p>Accessibility statement Agricola Granero S.L. is committed to making its website accessible, in accordance with Royal Decree 1112\/2018, of September 7, on accessibility of public sector websites and applications for mobile devices. This accessibility statement applies to the website agricolagranero.com Compliance status This [...]<\/p>","protected":false},"author":2,"featured_media":0,"parent":0,"menu_order":7,"comment_status":"closed","ping_status":"closed","template":"","meta":{"_et_pb_use_builder":"on","_et_pb_old_content":"","_et_gb_content_width":"","footnotes":""},"class_list":["post-24","page","type-page","status-publish","hentry"],"yoast_head":"<!-- This site is optimized with the Yoast SEO Premium plugin v20.5 (Yoast SEO v20.11) - https:\/\/yoast.com\/wordpress\/plugins\/seo\/ -->\n<title>Accesibilidad | Agr\u00edcola Granero L\u00f3pez S.L.<\/title>\n<meta name=\"description\" content=\"Accesibilidad | Agr\u00edcola Granero L\u00f3pez S.L.\" \/>\n<meta name=\"robots\" content=\"index, follow, max-snippet:-1, max-image-preview:large, max-video-preview:-1\" \/>\n<link rel=\"canonical\" href=\"https:\/\/agricolagranero.com\/en\/accessibility\/\" \/>\n<meta property=\"og:locale\" content=\"en_US\" \/>\n<meta property=\"og:type\" content=\"article\" \/>\n<meta property=\"og:title\" content=\"Declaraci\u00f3n de accesibilidad\" \/>\n<meta property=\"og:description\" content=\"Accesibilidad | Agr\u00edcola Granero L\u00f3pez S.L.\" \/>\n<meta property=\"og:url\" content=\"https:\/\/agricolagranero.com\/en\/accessibility\/\" \/>\n<meta property=\"og:site_name\" content=\"Agricola Granero\" \/>\n<meta property=\"article:modified_time\" content=\"2024-07-04T14:44:25+00:00\" \/>\n<meta name=\"twitter:card\" content=\"summary_large_image\" \/>\n<meta name=\"twitter:label1\" content=\"Est. reading time\" \/>\n\t<meta name=\"twitter:data1\" content=\"4 minutes\" \/>\n<script type=\"application\/ld+json\" class=\"yoast-schema-graph\">{\"@context\":\"https:\/\/schema.org\",\"@graph\":[{\"@type\":\"WebPage\",\"@id\":\"https:\/\/agricolagranero.com\/accesibilidad\/\",\"url\":\"https:\/\/agricolagranero.com\/accesibilidad\/\",\"name\":\"Accesibilidad | Agr\u00edcola Granero L\u00f3pez S.L.\",\"isPartOf\":{\"@id\":\"https:\/\/agricolagranero.com\/#website\"},\"datePublished\":\"2023-07-20T15:53:01+00:00\",\"dateModified\":\"2024-07-04T14:44:25+00:00\",\"description\":\"Accesibilidad | Agr\u00edcola Granero L\u00f3pez S.L.\",\"breadcrumb\":{\"@id\":\"https:\/\/agricolagranero.com\/accesibilidad\/#breadcrumb\"},\"inLanguage\":\"en-US\",\"potentialAction\":[{\"@type\":\"ReadAction\",\"target\":[\"https:\/\/agricolagranero.com\/accesibilidad\/\"]}]},{\"@type\":\"BreadcrumbList\",\"@id\":\"https:\/\/agricolagranero.com\/accesibilidad\/#breadcrumb\",\"itemListElement\":[{\"@type\":\"ListItem\",\"position\":1,\"name\":\"Portada\",\"item\":\"https:\/\/agricolagranero.com\/\"},{\"@type\":\"ListItem\",\"position\":2,\"name\":\"Declaraci\u00f3n de accesibilidad\"}]},{\"@type\":\"WebSite\",\"@id\":\"https:\/\/agricolagranero.com\/#website\",\"url\":\"https:\/\/agricolagranero.com\/\",\"name\":\"Agricola Granero\",\"description\":\"\",\"potentialAction\":[{\"@type\":\"SearchAction\",\"target\":{\"@type\":\"EntryPoint\",\"urlTemplate\":\"https:\/\/agricolagranero.com\/?s={search_term_string}\"},\"query-input\":\"required name=search_term_string\"}],\"inLanguage\":\"en-US\"}]}<\/script>\n<!-- \/ Yoast SEO Premium plugin. -->","yoast_head_json":{"title":"Accesibilidad | Agr\u00edcola Granero L\u00f3pez S.L.","description":"Accesibilidad | Agr\u00edcola Granero L\u00f3pez S.L.","robots":{"index":"index","follow":"follow","max-snippet":"max-snippet:-1","max-image-preview":"max-image-preview:large","max-video-preview":"max-video-preview:-1"},"canonical":"https:\/\/agricolagranero.com\/en\/accessibility\/","og_locale":"en_US","og_type":"article","og_title":"Declaraci\u00f3n de accesibilidad","og_description":"Accesibilidad | Agr\u00edcola Granero L\u00f3pez S.L.","og_url":"https:\/\/agricolagranero.com\/en\/accessibility\/","og_site_name":"Agricola Granero","article_modified_time":"2024-07-04T14:44:25+00:00","twitter_card":"summary_large_image","twitter_misc":{"Est. reading time":"4 minutes"},"schema":{"@context":"https:\/\/schema.org","@graph":[{"@type":"WebPage","@id":"https:\/\/agricolagranero.com\/accesibilidad\/","url":"https:\/\/agricolagranero.com\/accesibilidad\/","name":"Accesibilidad | Agr\u00edcola Granero L\u00f3pez S.L.","isPartOf":{"@id":"https:\/\/agricolagranero.com\/#website"},"datePublished":"2023-07-20T15:53:01+00:00","dateModified":"2024-07-04T14:44:25+00:00","description":"Accesibilidad | Agr\u00edcola Granero L\u00f3pez S.L.","breadcrumb":{"@id":"https:\/\/agricolagranero.com\/accesibilidad\/#breadcrumb"},"inLanguage":"en-US","potentialAction":[{"@type":"ReadAction","target":["https:\/\/agricolagranero.com\/accesibilidad\/"]}]},{"@type":"BreadcrumbList","@id":"https:\/\/agricolagranero.com\/accesibilidad\/#breadcrumb","itemListElement":[{"@type":"ListItem","position":1,"name":"Portada","item":"https:\/\/agricolagranero.com\/"},{"@type":"ListItem","position":2,"name":"Declaraci\u00f3n de accesibilidad"}]},{"@type":"WebSite","@id":"https:\/\/agricolagranero.com\/#website","url":"https:\/\/agricolagranero.com\/","name":"Agricola Granero","description":"","potentialAction":[{"@type":"SearchAction","target":{"@type":"EntryPoint","urlTemplate":"https:\/\/agricolagranero.com\/?s={search_term_string}"},"query-input":"required name=search_term_string"}],"inLanguage":"en-US"}]}},"_links":{"self":[{"href":"https:\/\/agricolagranero.com\/en\/wp-json\/wp\/v2\/pages\/24","targetHints":{"allow":["GET"]}}],"collection":[{"href":"https:\/\/agricolagranero.com\/en\/wp-json\/wp\/v2\/pages"}],"about":[{"href":"https:\/\/agricolagranero.com\/en\/wp-json\/wp\/v2\/types\/page"}],"author":[{"embeddable":true,"href":"https:\/\/agricolagranero.com\/en\/wp-json\/wp\/v2\/users\/2"}],"replies":[{"embeddable":true,"href":"https:\/\/agricolagranero.com\/en\/wp-json\/wp\/v2\/comments?post=24"}],"version-history":[{"count":5,"href":"https:\/\/agricolagranero.com\/en\/wp-json\/wp\/v2\/pages\/24\/revisions"}],"predecessor-version":[{"id":279,"href":"https:\/\/agricolagranero.com\/en\/wp-json\/wp\/v2\/pages\/24\/revisions\/279"}],"wp:attachment":[{"href":"https:\/\/agricolagranero.com\/en\/wp-json\/wp\/v2\/media?parent=24"}],"curies":[{"name":"wp","href":"https:\/\/api.w.org\/{rel}","templated":true}]}}

<p>[et_pb_section fb_built="1″ _builder_version="4.21.0″ _module_preset="default" global_colors_info="{}"][et_pb_row _builder_version="4.21.0″ _module_preset="default" global_colors_info="{}"][et_pb_column type="4_4″ _builder_version="4.21.0″ _module_preset="default" global_colors_info="{}"][et_pb_text _builder_version="4.21.0″ _module_preset="default" text_text_color="#000000″ header_font="Lato|700|||||||" header_font_size="26px" header_2_font="Lato|700|||||||" global_colors_info="{}"]]</p>
<h1><strong>Accessibility statement</strong></h1>
<p><strong></strong></p>
<p><strong>Agricola Granero S.L.</strong> is committed to making its website accessible, in accordance with the <a href="https://www.boe.es/buscar/act.php?id=BOE-A-2018-12699">Royal Decree 1112/2018, of September 7, on accessibility of public sector websites and applications for mobile devices.</a>.</p>
<p><strong>This accessibility statement applies to the agricolagranero.com website.</strong></p>
<p><strong> </strong></p>
<p><strong>Compliance status</strong></p>
<p>This website is <strong>partially</strong><strong> according to</strong> with RD 1112/2018 of September 7, due to the exceptions and non-conformity of the aspects listed below.</p>
<p><strong>Content not accessible</strong></p>
<p>The content below is not accessible because of the following:</p>
<ol>
<li>Failure to comply with RD 1112/2018:
<ul>
<li>There may be occasional editing errors on some web pages.</li>
</ul>
</li>
<li>Disproportionate burden:
<ul>
<li>Not applicable.</li>
</ul>
</li>
<li>The content does not fall within the scope of applicable law:
<ul>
<li>Online mapping and cartography services.</li>
<li>Third-party content not developed by <strong>Agricola Granero S.L.</strong></li>
</ul>
</li>
</ol>
<p><strong>Preparation of this accessibility statement</strong></p>
<p>This statement was prepared on <strong>July 26, 2023.</strong></p>
<p>The method used to prepare the statement was a self-assessment carried out by the organization itself.</p>
<p>Last revision of the declaration: <strong>July 26, 2023.</strong></p>
<p><strong>Remarks and contact information</strong></p>
<p>You can perform <strong>communications</strong> on accessibility requirements (Article 10.2.a) of RD 1112/2018), such as, for example:</p>
<ul>
<li>to report any possible <strong>non-compliance</strong>by this website.</li>
<li>transmit other <strong>access problems</strong>to the content.</li>
<li>formulate any other <strong>consultation or suggestion for improvement</strong>relating to the accessibility of the website.</li>
</ul>
<p><strong></strong></p>
<p>You can submit:</p>
<ul>
<li>A complaint regarding compliance with the requirements of RD 1112/2018 or.</li>
<li>A request for accessible information relating to:- content that is excluded from the scope of application of RD 1112/2018 as established by Article 3, paragraph 4.</li>
</ul>
<p>- content that is exempt from accessibility requirements because it imposes a disproportionate burden.</p>
<p>&nbsp;</p>
<p>The Request for Accessible Information must clearly state the facts, reasons and request to show that the request is reasonable and legitimate.</p>
<p>&nbsp;</p>
<p>Through the following e-mail account oficina@agricolagranero.com or the contact form available at <a href="https://agricolagranero.com/en/contact/">https://agricolagranero.com/contacto</a></p>
<p>&nbsp;</p>
<p>Communications, complaints and requests for accessible information will be received and processed by <strong>Agricola Granero S.L.</strong></p>
<p>The communications will be treated and received by Visión y Proyectos 2008 S.L.</p>
<p><strong>Application procedure</strong></p>
<p>The complaint procedure set out in Article 13 of RD 1112/2018 will enter into force on September 20, 2020.</p>
<p><em> </em></p>
<p><em> </em><strong>Optional content</strong></p>
<p>&nbsp;</p>
<p>This website:</p>
<ul>
<li>has been designed in accordance with current standards and regulations regarding accessibility, complying with the priority 2 (AA) checkpoints defined in the Web Content Accessibility Guidelines (WCAG 2.1) specification.</li>
<li>complies with the requirements of Standard UNE-EN 301549:2019, considering the exceptions of Royal Decree 1112/2018.</li>
<li>is designed for proper display on desktop, tablet and mobile devices for a minimum resolution of 1280×1024</li>
<li>has been realized using HTML5 as markup language and CSS 3 style sheets for its design.</li>
<li>is designed for use with non-intrusive javascript offering, in case your browser does not support it, a corresponding non-javascript alternative.</li>
</ul>
<h3>Text size</h3>
<p>Fonts with relative sizes have been used so that if the user prefers a larger font he can select it through the text size options in his browser, generally <em><strong>Ctrl+</strong></em> (control more) to enlarge, <em><strong>Ctrl-</strong></em> (control minus) to reduce.</p>
<h3>Page structure</h3>
<p>This portal is designed with a common format for all the pages so that the familiarization with the content of the same is simple to achieve better navigation for people who need to <em>Technical aids</em>.</p>
<p>The pages are composed, roughly speaking, of the following areas:</p>
<ul>
<li><em><strong>Header</strong></em>with navigation menu and contact information.</li>
<li><em><strong>Main navigation menu</strong></em>with the main pages of the website.</li>
<li><em><strong>Central content area</strong></em>which will vary depending on the page selected in the menu.</li>
<li><em><strong>Foot</strong></em>which includes contact details, all website links and social networks</li>
</ul>
<p>[/et_pb_text][/et_pb_column][/et_pb_row][/et_pb_section]</p>

<!-- This site is optimized with the Yoast SEO Premium plugin v20.5 (Yoast SEO v20.11) - https://yoast.com/wordpress/plugins/seo/ -->
<title>Accesibilidad | Agrícola Granero López S.L.</title>
<meta name="description" content="Accesibilidad | Agrícola Granero López S.L." />
<meta name="robots" content="index, follow, max-snippet:-1, max-image-preview:large, max-video-preview:-1" />
<link rel="canonical" href="https://agricolagranero.com/en/accessibility/" />
<meta property="og:locale" content="en_US" />
<meta property="og:type" content="article" />
<meta property="og:title" content="Declaración de accesibilidad" />
<meta property="og:description" content="Accesibilidad | Agrícola Granero López S.L." />
<meta property="og:url" content="https://agricolagranero.com/en/accessibility/" />
<meta property="og:site_name" content="Agricola Granero" />
<meta property="article:modified_time" content="2024-07-04T14:44:25+00:00" />
<meta name="twitter:card" content="summary_large_image" />
<meta name="twitter:label1" content="Est. reading time" />
	<meta name="twitter:data1" content="4 minutes" />
<script type="application/ld+json" class="yoast-schema-graph">{"@context":"https://schema.org","@graph":[{"@type":"WebPage","@id":"https://agricolagranero.com/accesibilidad/","url":"https://agricolagranero.com/accesibilidad/","name":"Accesibilidad | Agrícola Granero López S.L.","isPartOf":{"@id":"https://agricolagranero.com/#website"},"datePublished":"2023-07-20T15:53:01+00:00","dateModified":"2024-07-04T14:44:25+00:00","description":"Accesibilidad | Agrícola Granero López S.L.","breadcrumb":{"@id":"https://agricolagranero.com/accesibilidad/#breadcrumb"},"inLanguage":"en-US","potentialAction":[{"@type":"ReadAction","target":["https://agricolagranero.com/accesibilidad/"]}]},{"@type":"BreadcrumbList","@id":"https://agricolagranero.com/accesibilidad/#breadcrumb","itemListElement":[{"@type":"ListItem","position":1,"name":"Portada","item":"https://agricolagranero.com/"},{"@type":"ListItem","position":2,"name":"Declaración de accesibilidad"}]},{"@type":"WebSite","@id":"https://agricolagranero.com/#website","url":"https://agricolagranero.com/","name":"Agricola Granero","description":"","potentialAction":[{"@type":"SearchAction","target":{"@type":"EntryPoint","urlTemplate":"https://agricolagranero.com/?s={search_term_string}"},"query-input":"required name=search_term_string"}],"inLanguage":"en-US"}]}</script>
<!-- / Yoast SEO Premium plugin. -->

Accesibilidad | Agrícola Granero López S.L.

Declaración de accesibilidad
